e 8) in base 5?
-10
What is 2 (base 6) in base 14?
2
Convert 2 (base 5) to base 16.
2
What is -6a (base 16) in base 11?
-97
Convert -42 (base 6) to base 14.
-1c
What is 302 (base 7) in base 16?
95
What is 215 (base 6) in base 4?
1103
Convert 54 (base 6) to base 16.
22
What is 0 (base 8) in base 13?
0
Convert 4 (base 13) to base 4.
10
Convert 1 (base 10) to base 16.
1
What is -8 (base 11) in base 13?
-8
What is -108 (base 15) in base 4?
-3221
-230 (base 6) to base 4
-1122
Convert 2 (base 8) to base 6.
2
Convert 6 (base 7) to base 8.
6
1 (base 16) to base 13
1
Convert -bc (base 16) to base 14.
-d6
5 (base 16) to base 2
101
What is 2 (base 15) in base 5?
2
What is -252 (base 9) in base 5?
-1314
What is 54 (base 16) in base 14?
60
Convert -11 (base 2) to base 11.
-3
2 (base 12) to base 9
2
1 (base 7) to base 14
1
What is -28 (base 12) in base 9?
-35
0 (base 11) to base 8
0
ba (base 14) to base 11
13a
What is 3 (base 7) in base 13?
3
Convert -13 (base 9) to base 5.
-22
What is -3 (base 5) in base 3?
-10
1e (base 15) to base 16
1d
What is 12 (base 12) in base 8?
16
Convert -10 (base 6) to base 4.
-12
Convert 20 (base 5) to base 9.
11
Convert 0 (base 9) to base 15.
0
What is -2 (base 16) in base 3?
-2
-5 (base 12) to base 14
-5
2f (base 16) to base 6
115
Convert -1130 (base 5) to base 13.
-c9
Convert -11 (base 12) to base 10.
-13
What is -41 (base 8) in base 3?
-1020
Convert 8 (base 9) to base 12.
8
Convert -1 (base 13) to base 3.
-1
Convert -a6 (base 16) to base 9.
-204
Convert 2 (base 12) to base 2.
10
Convert 1 (base 9) to base 3.
1
-1 (base 15) to base 3
-1
What is 11 (base 5) in base 7?
6
What is b4 (base 12) in base 16?
88
29 (base 13) to base 5
120
-36 (base 14) to base 2
-110000
Convert -11100 (base 2) to base 10.
-28
What is 33 (base 7) in base 9?
26
-3 (base 13) to base 7
-3
Convert -3 (base 4) to base 16.
-3
What is -101 (base 3) in base 12?
-a
What is 7 (base 15) in base 7?
10
-1 (base 12) to base 9
-1
Convert -3 (base 16) to base 12.
-3
Convert 10 (base 12) to base 14.
c
Convert -1002 (base 3) to base 6.
-45
What is -9 (base 12) in base 15?
-9
What is 11011 (base 2) in base 3?
1000
What is 28 (base 13) in base 10?
34
Convert -60 (base 8) to base 3.
-1210
Convert 110 (base 9) to base 14.
66
Convert -3 (base 13) to base 12.
-3
What is -10 (base 5) in base 8?
-5
-215 (base 9) to base 15
-bb
101101 (base 2) to base 7
63
Convert -2 (base 10) to base 16.
-2
11 (base 8) to base 4
21
Convert -31 (base 7) to base 11.
-20
What is -1 (base 14) in base 3?
-1
-39 (base 15) to base 7
-105
1 (base 7) to base 16
1
What is 400 (base 6) in base 4?
2100
What is 1101110 (base 2) in base 3?
11002
14 (base 5) to base 16
9
-3 (base 14) to base 8
-3
What is -3a (base 12) in base 7?
-64
0 (base 10) to base 16
0
What is -2 (base 9) in base 10?
-2
Convert -10 (base 2) to base 8.
-2
-2 (base 11) to base 3
-2
Convert 1c (base 16) to base 5.
103
What is 26 (base 7) in base 12?
18
What is 3 (base 15) in base 12?
3
Convert 4 (base 13) to base 10.
4
-113 (base 5) to base 12
-29
What is -1 (base 2) in base 3?
-1
Convert -4 (base 7) to base 15.
-4
-14 (base 11) to base 12
-13
Convert 302 (base 8) to base 2.
11000010
Convert 17 (base 11) to base 6.
30
Convert 0 (base 12) to base 2.
0
-15 (base 7) to base 5
-22
What is 320 (base 4) in base 15?
3b
What is -4 (base 9) in base 10?
-4
What is b (base 16) in base 14?
b
What is 32 (base 14) in base 3?
1122
What is -114 (base 5) in base 14?
-26
What is 110 (base 5) in base 10?
30
What is 4 (base 16) in base 7?
4
What is 26 (base 7) in base 6?
32
What is -19 (base 12) in base 15?
-16
What is 12 (base 15) in base 14?
13
0 (base 2) to base 7
0
What is 14a (base 15) in base 16?
127
-22 (base 14) to base 12
-26
What is 2 (base 10) in base 14?
2
-1 (base 12) to base 16
-1
What is 103 (base 8) in base 10?
67
Convert 4 (base 7) to base 12.
4
Convert 1 (base 5) to base 10.
1
Convert 9 (base 12) to base 7.
12
Convert 0 (base 8) to base 16.
0
What is 10 (base 4) in base 5?
4
Convert 88 (base 11) to base 7.
165
What is -13 (base 10) in base 16?
-d
Convert -1 (base 15) to base 10.
-1
-1 (base 15) to base 3
-1
What is -5 (base 13) in base 12?
-5
What is -86 (base 14) in base 11?
-a8
Convert -1b (base 16) to base 11.
-25
Convert 0 (base 11) to base 8.
0
-5 (base 6) to base 14
-5
What is 35 (base 8) in base 14?
21
c3 (base 14) to base 13
102
What is 41 (base 5) in base 2?
10101
What is -2 (base 7) in base 12?
-2
Convert -1 (base 5) to base 10.
-1
Convert -1120 (base 3) to base 5.
-132
What is 13b (base 13) in base 7?
432
435 (base 6) to base 5
1132
Convert 0 (base 9) to base 13.
0
Convert -21 (base 4) to base 9.
-10
Convert -9 (base 10) to base 3.
-100
2 (base 9) to base 10
2
What is 287 (base 9) in base 6?
1041
12 (base 4) to base 13
6
What is -4 (base 14) in base 12?
-4
-c (base 16) to base 2
-1100
What is 0 (base 14) in base 5?
0
What is 3 (base 11) in base 6?
3
Convert -5 (base 16) to base 3.
-12
What is 73 (base 10) in base 13?
58
5 (base 12) to base 15
5
50 (base 11) to base 9
61
-10 (base 4) to base 5
-4
What is 21 (base 4) in base 11?
9
What is -6 (base 16) in base 7?
-6
2 (base 10) to base 7
2
Convert -68 (base 10) to base 8.
-104
What is 4 (base 14) in base 4?
10
-101 (base 2) to base 16
-5
Convert 0 (base 8) to base 15.
0
What is -311 (base 6) in base 9?
-137
Convert -1c (base 16) to base 7.
-40
What is -243 (base 11) in base 12?
-201
What is 3 (base 15) in base 12?
3
Convert 2d (base 15) to base 2.
101011
12 (base 16) to base 2
10010
-1 (base 15) to base 16
-1
10b (base 16) to base 15
12c
323 (base 5) to base 16
58
What is -10 (base 3) in base 6?
-3
What is 2 (base 5) in base 7?
2
What is -5 (base 10) in base 4?
-11
15 (base 9) to base 6
22
What is -1 (base 4) in base 13?
-1
What is 0 (base 12) in base 15?
0
100 (base 3) to base 15
9
Convert 0 (base 11) to base 4.
0
Convert -a4 (base 14) to base 10.
-144
-3 (base 11) to base 13
-3
101 (base 4) to base 6
25
3 (base 4) to base 13
3
What is -5 (base 13) in base 10?
-5
Convert -20002 (base 3) to base 4.
-2210
Convert e (base 15) to base 14.
10
What is 1 (base 12) in base 10?
1
What is -1111 (base 2) in base 11?
-14
Convert 2 (base 9) to base 11.
2
Convert -64 (base 7) to base 4.
-232
-1 (base 6) to base 13
-1
44 (base 8) to base 9
40
10010101 (base 2) to base 8
225
What is 1000 (base 3) in base 5?
102
Convert -14 (base 6) to base 12.
-a
-11 (base 4) to base 8
-5
-1100111 (base 2) to base 11
-94
What is -15 (base 6) in base 8?
-13
-1b6 (base 15) to base 14
-204
-132 (base 12) to base 15
-c2
Convert -1 (base 5) to base 16.
-1
What is -55 (base 15) in base 3?
-2222
Convert 0 (base 7) to base 3.
0
What is 11 (base 2) in base 15?
3
What is -1 (base 14) in base 2?
-1
-2 (base 6) to base 16
-2
What is -8 (base 15) in base 5?
-13
What is 0 (base 13) in base 15?
0
What is 6 (base 10) in base 12?
6
What is 210 (base 5) in base 3?
2001
What is 84 (base 11) in base 14?
68
Convert 10 (base 3) to base 9.
3
-120 (base 11) to base 16
-8f
Convert 103 (base 4) to base 6.
31
40 (base 6) to base 14
1a
What is -44 (base 9) in base 7?
-55
31 (base 5) to base 11
15
Convert -11 (base 2) to base 15.
-3
Convert 84 (base 15) to base 3.
11121
27 (base 13) to base 3
1020
Convert -144 (base 11) to base 5.
-1134
What is 3 (base 11) in base 16?
3
What is -32 (base 9) in base 8?
-35
-20 (base 10) to base 6
-32
What is 5 (base 12) in base 10?
5
-14 (base 14) to base 16
-12
What is -47 (base 8) in base 13?
-30
Convert -2 (base 8) to base 11.
-2
What is 410 (base 5) in base 6?
253
2 (base 7) to base 4
2
Convert 28 (base 11) to base 15.
20
-133 (base 7) to base 14
-53
20 (base 12) to base 4
120
Convert 10 (base 4) to base 13.
4
What is -4 (base 7) in base 14?
-4
What is -100 (base 4) in base 6?
-24
121 (base 16) to base 15
144
What is -28 (base 16) in base 10?
-40
What is -35 (base 7) in base 3?
-222
-d (base 16) to base 13
-10
-14 (base 5) to base 16
-9
What is -24 (base 10) in base 6?
-40
-20b (base 12) to base 11
-252
What is -6 (base 14) in base 13?
-6
Convert -10 (base 2) to base 16.
-2
-2d (base 16) to base 11
-41
What is 24 (base 11) in base 6?
42
Convert 4 (base 11) to base 14.
4
-1 (base 2) to base 6
-1
27 (base 8) to base 11
21
Convert -16 (base 16) to base 6.
-34
114 (base 8) to base 11
6a
-63 (base 7) to bas